{"id":71,"date":"2023-05-06T19:44:00","date_gmt":"2023-05-06T17:44:00","guid":{"rendered":"https:\/\/ssnhs17.fr\/?page_id=71"},"modified":"2023-05-06T23:28:47","modified_gmt":"2023-05-06T21:28:47","slug":"section-histoire","status":"publish","type":"page","link":"https:\/\/ssnhs17.fr\/?page_id=71","title":{"rendered":"Section Histoire"},"content":{"rendered":"\n<div id=\"wp-block-themeisle-blocks-advanced-columns-1dd525c8\" class=\"wp-block-themeisle-blocks-advanced-columns has-1-columns has-desktop-equal-layout has-tablet-equal-layout has-mobile-equal-layout has-vertical-unset\"><div class=\"wp-block-themeisle-blocks-advanced-columns-overlay\"><\/div><div class=\"innerblocks-wrap\">\n<div id=\"wp-block-themeisle-blocks-advanced-column-4a7e31eb\" class=\"wp-block-themeisle-blocks-advanced-column\">\n<p class=\"has-text-align-center\">Bienvenue dans la section Histoire<\/p>\n<\/div>\n<\/div><\/div>\n\n\n\n<div class=\"wp-block-query alignwide is-layout-flow wp-block-query-is-layout-flow\"><ul class=\"wp-block-post-template is-layout-flow wp-block-post-template-is-layout-flow\"><li class=\"wp-block-post post-264 post type-post status-publish format-standard has-post-thumbnail hentry category-histoire tag-abbaye tag-histoire tag-maillezais tag-nieul-sur-lautize\">\n<figure class=\"wp-block-post-featured-image\"><img loading=\"lazy\" decoding=\"async\" width=\"2100\" height=\"1400\" src=\"https:\/\/ssnhs17.fr\/wp-content\/uploads\/2023\/07\/abbaye-de-maillezais-IMG_4511.jpg\" class=\"attachment-post-thumbnail size-post-thumbnail wp-post-image\" alt=\"\" style=\"object-fit:cover;\" srcset=\"https:\/\/ssnhs17.fr\/wp-content\/uploads\/2023\/07\/abbaye-de-maillezais-IMG_4511.jpg 2100w, https:\/\/ssnhs17.fr\/wp-content\/uploads\/2023\/07\/abbaye-de-maillezais-IMG_4511-300x200.jpg 300w, https:\/\/ssnhs17.fr\/wp-content\/uploads\/2023\/07\/abbaye-de-maillezais-IMG_4511-1024x683.jpg 1024w, https:\/\/ssnhs17.fr\/wp-content\/uploads\/2023\/07\/abbaye-de-maillezais-IMG_4511-768x512.jpg 768w, https:\/\/ssnhs17.fr\/wp-content\/uploads\/2023\/07\/abbaye-de-maillezais-IMG_4511-1536x1024.jpg 1536w, https:\/\/ssnhs17.fr\/wp-content\/uploads\/2023\/07\/abbaye-de-maillezais-IMG_4511-2048x1365.jpg 2048w\" sizes=\"auto, (max-width: 2100px) 100vw, 2100px\" \/><\/figure>\n\n<div class=\"wp-block-post-date\"><time datetime=\"2023-07-17T18:48:57+02:00\">17 juillet 2023<\/time><\/div>\n\n<h2 class=\"wp-block-post-title\"><a href=\"https:\/\/ssnhs17.fr\/?p=264\" target=\"_self\" >Visite d&rsquo;abbayes : Maillezais, Nieul sur l\u2019Autize<\/a><\/h2>\n<\/li><li class=\"wp-block-post post-101 post type-post status-publish format-standard hentry category-histoire\">\n\n\n<div class=\"wp-block-post-date\"><time datetime=\"2023-05-06T21:31:09+02:00\">6 mai 2023<\/time><\/div>\n\n<h2 class=\"wp-block-post-title\"><a href=\"https:\/\/ssnhs17.fr\/?p=101\" target=\"_self\" >Visite du mus\u00e9e de la M\u00e9decine Navale \u00e0 Rochefort (17)<\/a><\/h2>\n<\/li><\/ul>\n\n\n\n<\/div>\n","protected":false},"excerpt":{"rendered":"","protected":false},"author":1,"featured_media":0,"parent":0,"menu_order":4,"comment_status":"closed","ping_status":"closed","template":"","meta":{"_monsterinsights_skip_tracking":false,"_monsterinsights_sitenote_active":false,"_monsterinsights_sitenote_note":"","_monsterinsights_sitenote_category":0,"_themeisle_gutenberg_block_has_review":false,"_mc_calendar":[],"footnotes":""},"class_list":["post-71","page","type-page","status-publish","hentry"],"aioseo_notices":[],"_links":{"self":[{"href":"https:\/\/ssnhs17.fr\/index.php?rest_route=\/wp\/v2\/pages\/71","targetHints":{"allow":["GET"]}}],"collection":[{"href":"https:\/\/ssnhs17.fr\/index.php?rest_route=\/wp\/v2\/pages"}],"about":[{"href":"https:\/\/ssnhs17.fr\/index.php?rest_route=\/wp\/v2\/types\/page"}],"author":[{"embeddable":true,"href":"https:\/\/ssnhs17.fr\/index.php?rest_route=\/wp\/v2\/users\/1"}],"replies":[{"embeddable":true,"href":"https:\/\/ssnhs17.fr\/index.php?rest_route=%2Fwp%2Fv2%2Fcomments&post=71"}],"version-history":[{"count":8,"href":"https:\/\/ssnhs17.fr\/index.php?rest_route=\/wp\/v2\/pages\/71\/revisions"}],"predecessor-version":[{"id":149,"href":"https:\/\/ssnhs17.fr\/index.php?rest_route=\/wp\/v2\/pages\/71\/revisions\/149"}],"wp:attachment":[{"href":"https:\/\/ssnhs17.fr\/index.php?rest_route=%2Fwp%2Fv2%2Fmedia&parent=71"}],"curies":[{"name":"wp","href":"https:\/\/api.w.org\/{rel}","templated":true}]}}