{"id":22,"date":"2023-05-06T18:13:03","date_gmt":"2023-05-06T16:13:03","guid":{"rendered":"https:\/\/ssnhs17.fr\/?page_id=22"},"modified":"2026-04-18T21:27:01","modified_gmt":"2026-04-18T19:27:01","slug":"section-geologie","status":"publish","type":"page","link":"https:\/\/ssnhs17.fr\/?page_id=22","title":{"rendered":"Section G\u00e9ologie"},"content":{"rendered":"\n<p class=\"has-text-align-center\">Bienvenue dans la section G\u00e9ologie<\/p>\n\n\n\n<div class=\"wp-block-query alignwide is-layout-flow wp-block-query-is-layout-flow\"><ul class=\"wp-block-post-template is-layout-flow wp-block-post-template-is-layout-flow\"><li class=\"wp-block-post post-335 post type-post status-publish format-standard has-post-thumbnail hentry category-general category-geologie tag-geologie tag-ssnhs\">\n<h2 class=\"wp-block-post-title\"><a href=\"https:\/\/ssnhs17.fr\/?p=335\" target=\"_self\" >SORTIE A LA CARRI\u00c8RE DE LA GRANDE PALISSE A NANTEUIL (79)<\/a><\/h2>\n\n\n<div class=\"wp-block-columns is-layout-flex wp-container-core-columns-is-layout-28f84493 wp-block-columns-is-layout-flex\">\n<div class=\"wp-block-column is-layout-flow wp-block-column-is-layout-flow\" style=\"flex-basis:66.66%\"><figure class=\"wp-block-post-featured-image\"><a href=\"https:\/\/ssnhs17.fr\/?p=335\" target=\"_self\"  ><img loading=\"lazy\" decoding=\"async\" width=\"1199\" height=\"1600\" src=\"https:\/\/ssnhs17.fr\/wp-content\/uploads\/2024\/02\/unnamed-1-1-rotated.jpg\" class=\"attachment-full size-full wp-post-image\" alt=\"SORTIE A LA CARRI\u00c8RE DE LA GRANDE PALISSE A NANTEUIL (79)\" style=\"object-fit:cover;\" srcset=\"https:\/\/ssnhs17.fr\/wp-content\/uploads\/2024\/02\/unnamed-1-1-rotated.jpg 1199w, https:\/\/ssnhs17.fr\/wp-content\/uploads\/2024\/02\/unnamed-1-1-225x300.jpg 225w, https:\/\/ssnhs17.fr\/wp-content\/uploads\/2024\/02\/unnamed-1-1-767x1024.jpg 767w, https:\/\/ssnhs17.fr\/wp-content\/uploads\/2024\/02\/unnamed-1-1-768x1025.jpg 768w, https:\/\/ssnhs17.fr\/wp-content\/uploads\/2024\/02\/unnamed-1-1-1151x1536.jpg 1151w\" sizes=\"auto, (max-width: 1199px) 100vw, 1199px\" \/><\/a><\/figure><\/div>\n\n\n\n<div class=\"wp-block-column is-layout-flow wp-block-column-is-layout-flow\" style=\"flex-basis:33.33%\"><div class=\"wp-block-post-excerpt\"><p class=\"wp-block-post-excerpt__excerpt\">Sortie \u00e0 la carri\u00e8re de la Grande Palisse \u00e0 Nanteuil (79) <\/p><\/div>\n\n<a class=\"wp-block-read-more\" href=\"https:\/\/ssnhs17.fr\/?p=335\" target=\"_self\">Lire la suite<span class=\"screen-reader-text\">\u00a0: SORTIE A LA CARRI\u00c8RE DE LA GRANDE PALISSE A NANTEUIL (79)<\/span><\/a>\n\n<div class=\"wp-block-post-date\"><time datetime=\"2024-02-12T22:32:01+01:00\">12 f\u00e9vrier 2024<\/time><\/div><\/div>\n<\/div>\n\n\n\n<hr class=\"wp-block-separator has-alpha-channel-opacity\"\/>\n\n<\/li><li class=\"wp-block-post post-331 post type-post status-publish format-standard has-post-thumbnail hentry category-general category-geologie tag-bourse-dechange\">\n<h2 class=\"wp-block-post-title\"><a href=\"https:\/\/ssnhs17.fr\/?p=331\" target=\"_self\" >Bourse d&rsquo;\u00e9changes 2024<\/a><\/h2>\n\n\n<div class=\"wp-block-columns is-layout-flex wp-container-core-columns-is-layout-28f84493 wp-block-columns-is-layout-flex\">\n<div class=\"wp-block-column is-layout-flow wp-block-column-is-layout-flow\" style=\"flex-basis:66.66%\"><figure class=\"wp-block-post-featured-image\"><a href=\"https:\/\/ssnhs17.fr\/?p=331\" target=\"_self\"  ><img loading=\"lazy\" decoding=\"async\" width=\"1566\" height=\"2048\" src=\"https:\/\/ssnhs17.fr\/wp-content\/uploads\/2024\/02\/BourseEchange-1.jpg\" class=\"attachment-full size-full wp-post-image\" alt=\"Bourse d&rsquo;\u00e9changes 2024\" style=\"object-fit:cover;\" srcset=\"https:\/\/ssnhs17.fr\/wp-content\/uploads\/2024\/02\/BourseEchange-1.jpg 1566w, https:\/\/ssnhs17.fr\/wp-content\/uploads\/2024\/02\/BourseEchange-1-229x300.jpg 229w, https:\/\/ssnhs17.fr\/wp-content\/uploads\/2024\/02\/BourseEchange-1-783x1024.jpg 783w, https:\/\/ssnhs17.fr\/wp-content\/uploads\/2024\/02\/BourseEchange-1-768x1004.jpg 768w, https:\/\/ssnhs17.fr\/wp-content\/uploads\/2024\/02\/BourseEchange-1-1175x1536.jpg 1175w\" sizes=\"auto, (max-width: 1566px) 100vw, 1566px\" \/><\/a><\/figure><\/div>\n\n\n\n<div class=\"wp-block-column is-layout-flow wp-block-column-is-layout-flow\" style=\"flex-basis:33.33%\"><div class=\"wp-block-post-excerpt\"><p class=\"wp-block-post-excerpt__excerpt\">Bourse d&rsquo;\u00e9changes min\u00e9raux et fossiles le 17\/03! <\/p><\/div>\n\n<a class=\"wp-block-read-more\" href=\"https:\/\/ssnhs17.fr\/?p=331\" target=\"_self\">Lire la suite<span class=\"screen-reader-text\">\u00a0: Bourse d&rsquo;\u00e9changes 2024<\/span><\/a>\n\n<div class=\"wp-block-post-date\"><time datetime=\"2024-02-12T22:07:53+01:00\">12 f\u00e9vrier 2024<\/time><\/div><\/div>\n<\/div>\n\n\n\n<hr class=\"wp-block-separator has-alpha-channel-opacity\"\/>\n\n<\/li><li class=\"wp-block-post post-276 post type-post status-publish format-standard has-post-thumbnail hentry category-geologie tag-haute-loire tag-geologie tag-voyage\">\n<h2 class=\"wp-block-post-title\"><a href=\"https:\/\/ssnhs17.fr\/?p=276\" target=\"_self\" >Semaine g\u00e9ologique en Haute-Loire<\/a><\/h2>\n\n\n<div class=\"wp-block-columns is-layout-flex wp-container-core-columns-is-layout-28f84493 wp-block-columns-is-layout-flex\">\n<div class=\"wp-block-column is-layout-flow wp-block-column-is-layout-flow\" style=\"flex-basis:66.66%\"><figure class=\"wp-block-post-featured-image\"><a href=\"https:\/\/ssnhs17.fr\/?p=276\" target=\"_self\"  ><img loading=\"lazy\" decoding=\"async\" width=\"1600\" height=\"900\" src=\"https:\/\/ssnhs17.fr\/wp-content\/uploads\/2023\/07\/haute-loire-1600x900-1.jpg\" class=\"attachment-full size-full wp-post-image\" alt=\"Semaine g\u00e9ologique en Haute-Loire\" style=\"object-fit:cover;\" srcset=\"https:\/\/ssnhs17.fr\/wp-content\/uploads\/2023\/07\/haute-loire-1600x900-1.jpg 1600w, https:\/\/ssnhs17.fr\/wp-content\/uploads\/2023\/07\/haute-loire-1600x900-1-300x169.jpg 300w, https:\/\/ssnhs17.fr\/wp-content\/uploads\/2023\/07\/haute-loire-1600x900-1-1024x576.jpg 1024w, https:\/\/ssnhs17.fr\/wp-content\/uploads\/2023\/07\/haute-loire-1600x900-1-768x432.jpg 768w, https:\/\/ssnhs17.fr\/wp-content\/uploads\/2023\/07\/haute-loire-1600x900-1-1536x864.jpg 1536w\" sizes=\"auto, (max-width: 1600px) 100vw, 1600px\" \/><\/a><\/figure><\/div>\n\n\n\n<div class=\"wp-block-column is-layout-flow wp-block-column-is-layout-flow\" style=\"flex-basis:33.33%\"><div class=\"wp-block-post-excerpt\"><p class=\"wp-block-post-excerpt__excerpt\">Programme de la semaine <\/p><\/div>\n\n<a class=\"wp-block-read-more\" href=\"https:\/\/ssnhs17.fr\/?p=276\" target=\"_self\">Lire la suite<span class=\"screen-reader-text\">\u00a0: Semaine g\u00e9ologique en Haute-Loire<\/span><\/a>\n\n<div class=\"wp-block-post-date\"><time datetime=\"2023-07-12T14:26:37+02:00\">12 juillet 2023<\/time><\/div><\/div>\n<\/div>\n\n\n\n<hr class=\"wp-block-separator has-alpha-channel-opacity\"\/>\n\n<\/li><\/ul>\n\n<nav class=\"wp-block-query-pagination is-layout-flex wp-block-query-pagination-is-layout-flex\" aria-label=\"Pagination\">\n\n\n<div class=\"wp-block-query-pagination-numbers\"><span aria-current=\"page\" class=\"page-numbers current\">1<\/span>\n<a class=\"page-numbers\" href=\"?query-33-page=2&#038;rest_route=%2Fwp%2Fv2%2Fpages%2F22\">2<\/a><\/div>\n\n<a href=\"\/index.php?rest_route=%2Fwp%2Fv2%2Fpages%2F22&#038;query-33-page=2\" class=\"wp-block-query-pagination-next\">Page suivante<\/a>\n<\/nav>\n\n<\/div>\n","protected":false},"excerpt":{"rendered":"<p>Bienvenue dans la section G\u00e9ologie<\/p>\n","protected":false},"author":1,"featured_media":0,"parent":0,"menu_order":3,"comment_status":"closed","ping_status":"closed","template":"","meta":{"_monsterinsights_skip_tracking":false,"_monsterinsights_sitenote_active":false,"_monsterinsights_sitenote_note":"","_monsterinsights_sitenote_category":0,"_themeisle_gutenberg_block_has_review":false,"_mc_calendar":[],"footnotes":""},"class_list":["post-22","page","type-page","status-publish","hentry"],"aioseo_notices":[],"_links":{"self":[{"href":"https:\/\/ssnhs17.fr\/index.php?rest_route=\/wp\/v2\/pages\/22","targetHints":{"allow":["GET"]}}],"collection":[{"href":"https:\/\/ssnhs17.fr\/index.php?rest_route=\/wp\/v2\/pages"}],"about":[{"href":"https:\/\/ssnhs17.fr\/index.php?rest_route=\/wp\/v2\/types\/page"}],"author":[{"embeddable":true,"href":"https:\/\/ssnhs17.fr\/index.php?rest_route=\/wp\/v2\/users\/1"}],"replies":[{"embeddable":true,"href":"https:\/\/ssnhs17.fr\/index.php?rest_route=%2Fwp%2Fv2%2Fcomments&post=22"}],"version-history":[{"count":15,"href":"https:\/\/ssnhs17.fr\/index.php?rest_route=\/wp\/v2\/pages\/22\/revisions"}],"predecessor-version":[{"id":500,"href":"https:\/\/ssnhs17.fr\/index.php?rest_route=\/wp\/v2\/pages\/22\/revisions\/500"}],"wp:attachment":[{"href":"https:\/\/ssnhs17.fr\/index.php?rest_route=%2Fwp%2Fv2%2Fmedia&parent=22"}],"curies":[{"name":"wp","href":"https:\/\/api.w.org\/{rel}","templated":true}]}}